git of b?
1
Suppose 9*f - 24 = 21. Suppose 8 = -4*u, -3*q + f*u + 91 = 351. Let b = q - -117. What is the tens digit of b?
2
Suppose 0 = -32*z + 33040 - 11536. What is the hundreds digit of (-48)/z - (-10585)/14?
7
Let m(b) = b + 9. Let f be m(-3). Suppose -f*p + 1134 = -0*p. Suppose 4*t - p = 131. What is the tens digit of t?
8
Let u(g) = -18*g - 113. Let t = 34 + -58. What is the tens digit of u(t)?
1
Suppose 272748 = 551*a - 545*a. What is the units digit of a?
8
Suppose 52*b + 32 = 56*b. Let q(l) = 5*l - 40. Let k be q(b). Let z(i) = -i**3 + 2*i**2 - i + 251. What is the units digit of z(k)?
1
Let t(r) be the first derivative of r**4/24 + 5*r**3/6 - 3*r**2 + 21. Let k(n) be the second derivative of t(n). What is the tens digit of k(16)?
2
Let f = 487 - 252. Suppose -15*s + 200 = -f. What is the units digit of s?
9
Let c be (11/22)/(1/(12/2)). Let z = -2 + c. What is the units digit of z*20/15 - (-232)/6?
0
Let y = -232 + 407. Let p = -138 + y. What is the tens digit of p?
3
Let v(l) = -3711*l - 11903. What is the hundreds digit of v(-13)?
3
Let v = -123 + 113. Let t be 3/6*(-7)/(7/v). Suppose 2*g = -4*f + 2*f + 368, 890 = t*g - f. What is the hundreds digit of g?
1
Suppose 12*b + 148 = 7*b + 4*s, 0 = 4*b - 3*s + 119. Let q be 1 + (1 - (-1 + -108)). Let y = b + q. What is the tens digit of y?
7
Suppose 0 = 3*d + z - 3091, 0 = 4*d - 163*z + 165*z - 4126. What is the hundreds digit of d?
0
Let d(l) = 4*l + 13. Let m be d(-2). Suppose 10098 = m*g + 1353. What is the tens digit of g?
4
Suppose 410 = 11*b - 85. Suppose 0 = 3*x - 5*j - 40, 3*j - 31 = -2*x + 2*j. Suppose -a = -b + x. What is the units digit of a?
0
Let q = -5 + 10. Let c be q*(-3 - -8)*-1. What is the tens digit of (132/10)/((-5)/c)?
6
Let f = 430 + -1126. Let t = f + 1026. What is the hundreds digit of t?
3
Suppose 0 = 5*d - g - 815, -2*d + 3*d - 139 = 5*g. Suppose 0 = -3*i + 5*f - 3*f + d, 2*f = -3*i + 184. What is the tens digit of i?
5
Let b(k) = -k**3 + 50*k**2 + 114*k - 3062. What is the tens digit of b(36)?
8
What is the thousands digit of 69/(-46) + (148586/20 - (-1)/5)?
7
Let f be -6 + 6 + 8 + -8. Suppose 11*z - 7*z - 7268 = f. What is the tens digit of z?
1
Let i be 22/(-4) - (-5)/10. Let z(p) = 4*p**2 + 11*p + 66. Let b be z(-5). Let f = b - i. What is the tens digit of f?
1
Suppose 5*g + 350 = 5*c, -4*g - 3*c - 40 = 254. Let u = g + 296. Suppose 10*r + u = 974. What is the units digit of r?
5
Suppose -60085 = -20*g + 26615. Suppose -3*q + 6*v + g = 5*v, -5*q - 3*v + 7225 = 0. What is the thousands digit of q?
1
Suppose -3*l + 2*j + 6 = 0, -2 = 2*l + j + 1. Let u be (1 - l) + (-28)/7 + 168. Suppose 4*a - 95 = u. What is the units digit of a?
5
Let o(g) = 4*g**2 - g + 5. Let x(f) = -f - 27. Let l be x(-16). Let z be o(l). Suppose 3*n + 113 = z. What is the hundreds digit of n?
1
Let o(x) = 13*x**3 - 5*x**2 + 9*x + 1. Let q be o(5). Suppose 0 = 2*w - 3*b - q, -5*w - 4*b = -3*b - 3899. What is the units digit of w?
9
Let x = 11 + -219. Let l = x + 493. What is the hundreds digit of l?
2
Let z(a) = 8*a + 68. Let i be z(-8). Suppose -809 = -3*l + i*o, 0*l - 4*o = -4*l + 1084. What is the units digit of l?
5
Suppose -58*b + 12895 = -44177. Let j(n) = -n**3 + 5*n**2 + n - 2. Let i be j(5). Suppose i*r = -3*r + b. What is the units digit of r?
4
Let q = -6366 + 11413. What is the units digit of q?
7
Let f = 90 + -87. Let c(o) = f - 22 + 3*o**2 - 4*o - 13 - 2. What is the tens digit of c(-8)?
9
Let h(d) = 26*d**2 - 34*d - 281. What is the units digit of h(-11)?
9
Let l = -15738 + 32452. What is the thousands digit of l?
6
Suppose c - 8 = 3*l - 3, 0 = -5*c + 4*l + 14. Suppose 5*p + 2*q - 450 = 5*q, -p + 97 = -c*q. What is the units digit of p?
7
Suppose -19*p - 1235 = -3762. Suppose 4*g - 81 = -v, 2*g + p = -5*v + 448. What is the tens digit of v?
6
Let f(z) = 97*z**2 + 24*z - 73. What is the hundreds digit of f(5)?
4
Let a(q) = 4*q**2 - 60*q - 764. What is the hundreds digit of a(54)?
6
Let d = 44 - 41. Let z(k) = -3*k**3 + 9*k**2 + 4*k - 11. Let h(v) = -2*v**3 + 10*v**2 + 4*v - 10. Let o(f) = d*z(f) - 4*h(f). What is the tens digit of o(-13)?
5
Let b be (4 + (-2)/1)/(-1). Let l(h) = -48 - 6 + 42 - 90*h. What is the tens digit of l(b)?
6
Suppose 5*c + 149 = 159. Suppose -4*l = 2 + 6, c*s - 2*l = 56. Suppose j - 95 = -s. What is the units digit of j?
9
Suppose 2516 = -7*n + 11*n. Let m = n + -282. What is the tens digit of m?
4
Let v(j) = 3*j - 13 + 3*j**2 + 6 - 773*j**3 + 8. What is the hundreds digit of v(-1)?
7
Let u(n) = 7113*n**2 + n - 1. What is the hundreds digit of u(-1)?
1
Let g(d) = 28*d + 7. Let n be g(2). Let x = n - -186. What is the hundreds digit of x?
2
What is the tens digit of ((-80)/(-55))/8 - (-6)/22*232697?
6
Suppose 3*m = 5*k + 1969 - 468, -3*k = -2*m + 1001. Let v = 860 - m. What is the hundreds digit of v?
3
Let r = -35875 + 51070. What is the units digit of r?
5
Let c be 6*(-6)/16*(-8)/3. Suppose -c*b - 242 = -17*b. Suppose -21*v - 52 = -b*v. What is the units digit of v?
2
Let p = 139 - 64. Let c = p + -71. Suppose -i = n - 122, -c*n - 380 = -0*i - 3*i. What is the hundreds digit of i?
1
Let m = -1135 + 503. Let a = 80 - m. What is the hundreds digit of a?
7
Suppose -18*d - a - 37285 = -20*d, 3*a = -9. What is the thousands digit of d?
8
Suppose 192*k = 140*k + 672672. What is the ten thousands digit of k?
1
Let n(v) be the first derivative of v**3/3 - 2*v**2 - 63*v + 31. What is the tens digit of n(-22)?
0
Suppose 0*n = 6*n + 954. Let l = n + 57. Let p = l + 307. What is the hundreds digit of p?
2
Suppose -4445 - 3355 = -6*t. Let h = 2029 - t. What is the hundreds digit of h?
7
Let k(l) = -2*l - 10. Let d be k(-6). Suppose 0 = 3*n - 3*q + 3 - 9, n + d*q = -4. Suppose n = -3*h + 1 + 35. What is the tens digit of h?
1
Let q(r) = 18*r - 90. Let d be q(7). Let s = 321 - d. What is the hundreds digit of s?
2
Let h be 0*((-91)/65 - (-4)/10). Suppose -6*n = -h*n - 2328. What is the hundreds digit of n?
3
Let w(j) = j**3 + 34*j**2 + 90*j + 140. What is the tens digit of w(-27)?
1
Let u be ((-2)/2)/(3/189). Suppose 2683*n + 165 = 2686*n. Let i = n - u. What is the tens digit of i?
1
Suppose 26*r - 24*r = 6. Let y(x) = -x - x**r + x**2 + 130 - 4*x + 7*x. What is the hundreds digit of y(0)?
1
Suppose -y - 2*y - 2*i = 0, 0 = -3*y - i. Suppose y - 6 = -3*n, -2*w - 2*n + 818 = 0. What is the tens digit of w?
0
Let o = -3254 + 10719. What is the tens digit of o?
6
Let l(v) be the third derivative of 2*v**5 - 2*v**4/3 - 5*v**3 + 5*v**2 - 2. What is the units digit of l(-2)?
2
Let c(u) be the first derivative of 31*u**3 + 8*u**2 + 17*u + 57. What is the hundreds digit of c(-3)?
8
Let f(n) = n**2 + 39*n - 4. Let a be f(-40). Suppose -32*b + a*b = 1436. What is the units digit of b?
9
Let m be 4/(-2)*(4 + (-11 - -5)). Suppose -m*q + 1156 = -3*r, 2*r + 578 = 2*q - 2*r. Suppose v + b = 2*v - q, -3*b - 9 = 0. What is the hundreds digit of v?
2
Let o = 374 + -374. Suppose o = -f + 2*s + 220 + 91, 4*s = -4. What is the tens digit of f?
0
Suppose -360987 = 747*g - 751*g - b, -b + 451236 = 5*g. What is the ten thousands digit of g?
9
Let f be (-2)/(-12)*3*(14 + -4). Suppose w = -2*a + 219, -3*w - 891 = -7*w - f*a. What is the tens digit of w?
2
Let m = -16234 + 16488. What is the tens digit of m?
5
Let s(w) = -w**2 - 11*w - 26. Let k be s(-6). Suppose 2*x + k = 2. What is the units digit of 210 + x - 5 - -3?
7
Let u be -2*4 + (-44 - 208). Let n = u - -1138. What is the hundreds digit of n?
8
Let k(g) be the second derivative of g**3/3 + 26*g**2 - 25*g. Let s(f) = 3*f + 53. Let z(d) = 6*k(d) - 5*s(d). What is the units digit of z(13)?
8
Let k = 15 + -11. Let t(m) = -15*m**2 - 3*m - 3. Let r(o) = -35*o**2 - 6*o - 8. Let s(z) = 2*r(z) - 5*t(z). What is the units digit of s(k)?
1
Let a(o) = -2*o + 55*o**2 + 85 - 3*o - 83 + 4*o. What is the hundreds digit of a(-4)?
8
Let h(p) = 9*p**2 + 32*p + 158. Let l be h(-5). Let n(u) = u**3 - 9*u**2 + 9*u - 11. Let j be n(8). What is the hundreds digit of -5 + (l - (j + -1))?
2
Let p(d) = 9*d**2 - 11*d + 80. Let i be p(7). Let c = i + -123. What is the tens digit of c?
2
Let j be 5*((-7)/1 + 2). Suppose 13*a - 11*a = -5*x + 40, 34 = 5*a - 4*x. What is the tens digit of (88/a)/((-2)/j)?
1
Suppose 298844 + 530732 = 28*y + 60*y. What is the t